actor of 22023327 and 786.
393
What is the greatest common factor of 1265 and 168355?
55
What is the greatest common divisor of 2694 and 422776155?
1347
What is the highest common factor of 2025 and 1353115125?
2025
What is the greatest common divisor of 18991868 and 10556?
812
Calculate the highest common divisor of 5730868 and 1144.
572
Calculate the highest common factor of 546552 and 17196.
12
Calculate the highest common divisor of 83603903 and 3039.
1013
What is the greatest common factor of 136274 and 15638?
2234
Calculate the highest common factor of 33745 and 13386840.
1985
What is the highest common factor of 300 and 31475100?
300
What is the highest common divisor of 5557481 and 1052923?
6973
What is the highest common divisor of 1210 and 3104365?
55
Calculate the greatest common divisor of 2342746 and 4.
2
Calculate the highest common factor of 81679 and 2140307.
793
Calculate the greatest common divisor of 675 and 2583645.
15
Calculate the greatest common divisor of 167884284 and 5136.
1284
Calculate the highest common divisor of 99515 and 2171.
13
Calculate the greatest common divisor of 1393941762 and 417.
417
What is the highest common divisor of 33012037 and 758?
379
What is the highest common divisor of 55895926 and 17620?
1762
Calculate the highest common factor of 3961 and 43099874.
233
Calculate the greatest common divisor of 1887987 and 435.
87
What is the highest common factor of 548 and 66303890?
274
What is the highest common divisor of 4212 and 11931868?
52
What is the highest common divisor of 327030 and 231?
33
What is the highest common divisor of 6392 and 112471?
47
What is the greatest common divisor of 72 and 13502394?
18
What is the highest common factor of 47 and 195027299?
47
What is the highest common divisor of 59190 and 16620?
30
Calculate the greatest common factor of 26346240 and 558.
18
Calculate the highest common factor of 633 and 24361216.
211
Calculate the highest common factor of 11672 and 1000518004.
5836
What is the highest common factor of 657 and 7673103?
657
What is the greatest common factor of 12552 and 232074?
6
Calculate the greatest common divisor of 7362938 and 85.
17
Calculate the greatest common factor of 120 and 16077352.
8
Calculate the highest common divisor of 28440 and 18911652.
948
What is the highest common divisor of 251712112 and 32?
16
Calculate the highest common factor of 184217 and 103103.
11
Calculate the greatest common factor of 62547935 and 1687.
241
Calculate the greatest common factor of 325 and 54775825.
325
Calculate the highest common divisor of 2554059 and 36933.
2841
What is the greatest common divisor of 1636969 and 75?
1
Calculate the highest common divisor of 202704 and 42312.
984
What is the greatest common factor of 66157 and 34169?
727
What is the greatest common divisor of 29126019 and 1209?
1209
What is the highest common factor of 18389074 and 814?
814
What is the greatest common factor of 1817647242 and 1581?
1581
Calculate the highest common divisor of 3230 and 713065.
85
Calculate the greatest common divisor of 47353090 and 460.
230
What is the highest common divisor of 1358050 and 51035?
865
Calculate the highest common factor of 366 and 35047977.
183
Calculate the greatest common divisor of 2690 and 2462.
2
What is the greatest common factor of 879219736 and 136?
136
Calculate the highest common factor of 10847668 and 39.
13
What is the highest common divisor of 161519052 and 372?
372
Calculate the highest common divisor of 243 and 196008903.
243
What is the highest common divisor of 398992 and 14?
2
What is the greatest common factor of 1849881195 and 90?
45
What is the highest common divisor of 9987504 and 1536?
48
What is the highest common factor of 1897 and 237567001?
1897
Calculate the highest common divisor of 157520 and 302054445.
9845
What is the highest common divisor of 1317087 and 6723?
27
What is the highest common factor of 85858401 and 774?
129
Calculate the highest common divisor of 1638330480 and 9840.
9840
Calculate the highest common divisor of 36 and 1100600757.
9
Calculate the greatest common divisor of 52 and 343984.
4
What is the greatest common divisor of 3333677 and 22656?
59
Calculate the highest common divisor of 5218 and 454005135.
2609
What is the greatest common factor of 1172 and 781431?
293
What is the greatest common factor of 3958666 and 2410?
482
Calculate the greatest common divisor of 21120552 and 912.
456
What is the highest common divisor of 9976225 and 5230?
2615
Calculate the highest common divisor of 850316710 and 340.
170
What is the highest common divisor of 11230590 and 350?
70
What is the greatest common divisor of 13585865 and 10?
5
What is the greatest common divisor of 324086 and 12116848?
6614
What is the greatest common factor of 22 and 174033970?
22
Calculate the highest common factor of 165276003 and 57.
57
Calculate the highest common divisor of 124 and 372062217.
31
What is the greatest common divisor of 3856900 and 1400?
100
Calculate the greatest common divisor of 7010 and 48670.
10
Calculate the highest common divisor of 116844 and 4627857.
4173
Calculate the greatest common factor of 369517 and 24644905.
6263
What is the highest common divisor of 1770265 and 45325?
1295
Calculate the greatest common factor of 684 and 275801796.
684
What is the greatest common factor of 205926714 and 294?
294
What is the highest common divisor of 1109943 and 116379?
1737
Calculate the highest common divisor of 737029 and 42579.
19
Calculate the greatest common divisor of 26897528 and 280.
56
Calculate the greatest common divisor of 87 and 5272345.
29
Calculate the greatest common factor of 72457361 and 491.
491
What is the greatest common factor of 126825 and 75205?
445
Calculate the highest common factor of 110 and 217045830.
10
What is the highest common divisor of 32195 and 439085?
685
Calculate the highest common factor of 2581498 and 30004.
1154
Calculate the greatest common factor of 7 and 408805908.
7
Calculate the highest common divisor of 5144 and 129479624.
5144
Calculate the greatest common factor of 3474324 and 357.
357
What is the greatest common factor of 42528816 and 55?
11
Calculate the highest common factor of 2711425 and 2600.
25
What is the highest common divisor of 9732494 and 1133962?
8158
Calculate the greatest common factor of 56 and 444624.
8
Calculate the greatest common divisor of 19375 and 11621125.
3875
Calculate the highest common factor of 8485898 and 604.
302
What is the greatest common divisor of 21560 and 343035?
385
Calculate the highest common factor of 6224 and 21712.
16
What is the greatest common factor of 1365903 and 495?
99
What is the greatest common divisor of 41942 and 180288?
626
What is the highest common divisor of 4255 and 5772185?
185
What is the highest common divisor of 18326248 and 851?
37
Calculate the greatest common factor of 35 and 4148557.
7
What is the highest common divisor of 7447795 and 5063?
61
Calculate the greatest common divisor of 617848 and 17969952.
10472
What is the highest common divisor of 12837236 and 205428?
4028
What is the highest common factor of 10 and 135641410?
10
What is the greatest common divisor of 1304520 and 4040?
40
What is the greatest common factor of 2374268 and 52?
52
What is the greatest common divisor of 3813793 and 2488?
311
What is the greatest common factor of 3 and 5669840?
1
Calculate the highest common divisor of 8408196 and 543724.
3004
Calculate the greatest common divisor of 121604 and 1713292.
1204
What is the greatest common factor of 12042 and 8754?
6
What is the greatest common factor of 353921126 and 104?
26
What is the greatest common factor of 60850122 and 1254?
114
Calculate the highest common divisor of 30 and 988510602.
6
Calculate the highest common divisor of 864 and 19919439.
27
Calculate the highest common divisor of 38015 and 1355.
5
Calculate the highest common factor of 36295 and 21250.
85
What is the greatest common divisor of 324 and 7593912?
324
What is the greatest common factor of 5949 and 15766833?
1983
Calculate the greatest common divisor of 111066 and 12189234.
1038
Calculate the highest common factor of 2 and 5839837.
1
Calculate the highest common factor of 120584469 and 3914.
